tor of 78?
False
Is 90103 a multiple of 29?
True
Does 117 divide 852?
False
Does 74 divide 3631?
False
Does 58 divide 1767?
False
Is 1250 a multiple of 50?
True
Does 10 divide 112?
False
Does 41 divide 5822?
True
Is 1710 a multiple of 38?
True
Does 74 divide 43734?
True
Is 38 a factor of 104066?
False
Does 24 divide 2513?
False
Is 646 a multiple of 17?
True
Is 15 a factor of 1026?
False
Is 42738 a multiple of 9?
False
Does 8 divide 4353?
False
Is 2678 a multiple of 13?
True
Does 51 divide 9690?
True
Does 6 divide 5436?
True
Is 8 a factor of 73072?
True
Does 75 divide 491?
False
Is 46 a factor of 719?
False
Does 42 divide 620?
False
Is 1598 a multiple of 34?
True
Is 38 a factor of 2850?
True
Is 11 a factor of 189?
False
Is 1740 a multiple of 6?
True
Is 198 a multiple of 11?
True
Is 3250 a multiple of 50?
True
Is 4731 a multiple of 19?
True
Is 136 a factor of 7752?
True
Is 359 a multiple of 30?
False
Is 38 a factor of 380?
True
Is 13 a factor of 511?
False
Does 83 divide 3071?
True
Is 8 a factor of 384?
True
Does 285 divide 26657?
False
Is 2937 a multiple of 84?
False
Is 43322 a multiple of 8?
False
Does 3 divide 102?
True
Is 1520 a multiple of 2?
True
Is 41701 a multiple of 143?
False
Is 14138 a multiple of 99?
False
Is 2134 a multiple of 97?
True
Does 10 divide 227?
False
Is 52 a factor of 8152?
False
Does 101 divide 12348?
False
Does 80 divide 14240?
True
Does 9 divide 279?
True
Does 13 divide 7657?
True
Is 460 a multiple of 8?
False
Is 26 a factor of 827?
False
Is 36 a factor of 11935?
False
Does 38 divide 2604?
False
Is 24 a factor of 57?
False
Is 33500 a multiple of 5?
True
Is 5973 a multiple of 33?
True
Does 58 divide 7250?
True
Does 37 divide 63?
False
Is 1560 a multiple of 39?
True
Does 9 divide 1514?
False
Does 3 divide 160?
False
Is 10 a factor of 202?
False
Is 289 a multiple of 2?
False
Is 43958 a multiple of 31?
True
Is 21 a factor of 14355?
False
Is 6345 a multiple of 27?
True
Does 74 divide 69634?
True
Is 17669 a multiple of 3?
False
Is 1680 a multiple of 28?
True
Does 187 divide 7447?
False
Is 1445 a multiple of 42?
False
Is 605 a multiple of 121?
True
Is 13 a factor of 507?
True
Is 7 a factor of 2590?
True
Is 226 a factor of 8362?
True
Is 21440 a multiple of 55?
False
Is 8 a factor of 3107?
False
Is 152 a multiple of 8?
True
Is 26 a factor of 26780?
True
Is 18 a factor of 211?
False
Is 72 even?
True
Is 321 a multiple of 3?
True
Is 10105 a multiple of 215?
True
Is 43 a factor of 62660?
False
Does 86 divide 49536?
True
Is 7 a factor of 1680?
True
Is 60 a factor of 2160?
True
Is 9730 a multiple of 14?
True
Does 11 divide 14157?
True
Is 3 a factor of 261?
True
Does 144 divide 2761?
False
Does 39 divide 1131?
True
Is 8 a factor of 344?
True
Does 14 divide 1204?
True
Does 10 divide 872?
False
Does 13 divide 299?
True
Is 3789 a multiple of 3?
True
Is 717 a multiple of 75?
False
Is 3 a factor of 138?
True
Is 11 a factor of 1681?
False
Does 35 divide 770?
True
Is 45749 a multiple of 52?
False
Is 3320 a multiple of 4?
True
Does 2 divide 513?
False
Is 90 a multiple of 10?
True
Is 1493 a multiple of 39?
False
Is 13651 a multiple of 22?
False
Is 4631 a multiple of 11?
True
Is 1805 a multiple of 95?
True
Is 2079 a multiple of 77?
True
Is 1405 even?
False
Does 18 divide 203?
False
Does 8 divide 3656?
True
Is 76 a factor of 51235?
False
Does 14 divide 1076?
False
Is 35 a factor of 169?
False
Does 33 divide 66?
True
Is 1186 a multiple of 8?
False
Is 644 a multiple of 28?
True
Does 52 divide 559?
False
Is 459 a multiple of 27?
True
Does 77 divide 1189?
False
Does 123 divide 3629?
False
Does 30 divide 270?
True
Is 11 a factor of 897?
False
Is 31 a factor of 5177?
True
Does 4 divide 678?
False
Is 20 a factor of 4340?
True
Is 3 a factor of 1749?
True
Is 1008 a multiple of 48?
True
Is 16 a factor of 64?
True
Does 6 divide 1524?
True
Does 112 divide 29904?
True
Does 28 divide 2156?
True
Does 269 divide 10222?
True
Is 2749 a multiple of 5?
False
Does 46 divide 6486?
True
Does 44 divide 1144?
True
Does 2 divide 13?
False
Is 11 a factor of 222?
False
Is 6 a factor of 47?
False
Is 56 a factor of 3302?
False
Does 10 divide 1400?
True
Does 7 divide 1365?
True
Is 10 a factor of 312?
False
Is 1455 a multiple of 48?
False
Does 38 divide 560?
False
Is 6950 a multiple of 10?
True
Does 41 divide 1312?
True
Is 3 a factor of 188?
False
Does 8 divide 360?
True
Is 13736 a multiple of 14?
False
Does 11 divide 79?
False
Does 34 divide 448?
False
Is 684 a multiple of 76?
True
Is 233 a factor of 22834?
True
Is 11 a factor of 1637?
False
Does 108 divide 8202?
False
Is 17 a factor of 7208?
True
Does 36 divide 1768?
False
Is 25144 a multiple of 14?
True
Does 24 divide 4526?
False
Is 3 a factor of 1605?
True
Is 43 a factor of 1395?
False
Is 69 a multiple of 3?
True
Does 26 divide 3584?
False
Does 35 divide 746?
False
Does 17 divide 3284?
False
Does 3 divide 62?
False
Is 165 a multiple of 5?
True
Does 23 divide 138?
True
Is 305 a factor of 41175?
True
Is 126 a multiple of 33?
False
Does 171 divide 94987?
False
Is 3468 a multiple of 34?
True
Is 520 a multiple of 10?
True
Is 31 a factor of 9145?
True
Is 2108 a multiple of 62?
True
Does 71 divide 6802?
False
Does 17 divide 684?
False
Is 34560 a multiple of 160?
True
Does 7 divide 805?
True
Is 56 a factor of 2268?
False
Does 21 divide 373?
False
Is 33 a factor of 6270?
True
Is 25 a factor of 675?
True
Is 68 a multiple of 17?
True
Is 149027 a multiple of 435?
False
Is 2667 a multiple of 12?
False
Does 41 divide 1599?
True
Is 24 a factor of 1272?
True
Does 53 divide 31217?
True
Does 9 divide 1196?
False
Is 8 a factor of 621?
False
Is 3312 a multiple of 26?
False
Is 12 a factor of 816?
True
Does 8 divide 704?
True
Is 66 a factor of 1056?
True
Does 346 divide 77158?
True
Is 2544 even?
True
Is 4074 a multiple of 6?
True
Does 46 divide 1620?
False
Does 7 divide 400?
False
Is 5 a factor of 26?
False
Is 7263 a multiple of 12?
False
Is 247 a multiple of 19?
True
Is 97 a factor of 13289?
True
Is 18330 a multiple of 6?
True
Is 89 a factor of 2314?
True
Is 445 a multiple of 10?
False
Does 83 divide 11122?
True
Is 555 a multiple of 3?
True
Does 12 divide 5855?
False
Is 73 a factor of 106906?
False
Does 7 divide 1548?
False
Is 340 a multiple of 17?
True
Is 20 a factor of 3680?
True
Is 7 a factor of 385?
True
Does 45 divide 1800?
True
Does 34 divide 11381?
False
Is 1662 a multiple of 2?
True
Is 28 a factor of 15176?
True
Is 1881 a multiple of 33?
True
Is 36 a factor of 5480?
False
Is 4385 a multiple of 12?
False
Does 33 divide 1584?
True
Is 7 a factor of 1121?
False
Is 12 a factor of 374?
False
Is 2548 a multiple of 40?
False
Is 5 a factor of 810?
True
Does 3 divide 358?
False
Is 58 a factor of 2668?
True
Is 26 a factor of 104?
True
Is 1581 a multiple of 78?
False
Is 26078 a multiple of 4?
False
Is 15 a factor of 570?
True
Is 96 a factor of 384?
True
Is 8 a factor of 888?
True
Is 48 a factor of 192?
True
Does 13 divide 832?
True
Is 12 a factor of 11863?
False
Does 29 divide 118?
False
Is 15 a factor of 2800?
False
Is 16 a factor of 179?
False
Is 5192 a multiple of 44?
True
Does 11 divide 3751?
True
Is 705 a multiple of 11?
False
Is 199 a factor of 5174?
True
Is 31 a factor of 31651?
True
Does 9 divide 1186?
False
Does 151 divide 453?
True
Is 16432 a multiple of 208?
True
Does 47 divide 2531?
False
Does 5 divide 642?
False
Does 17 divide 20946?
False
Does 24 divide 30600?
True
Is 1472 a multiple of 12?
False
Is 15049 a multiple of 24?
False
Is 9 a factor of 119?
False
Does 23 divide 230?
True
Is 34 a factor of 9384?
True
Is 19125 a multiple of 81?
False
Is 41 a factor of 229?
False
Does 8 divide 1704?
True
Is 4480 a multiple of 16?
True
Is 10 a factor of 11646?
False
Is 3197 a multiple of 38?
False
Is 80 a factor of 7120?
True
Is 60 a multiple of 30?
True
Is 72 a factor of 54144?
True
Does 21 divide 2802?
False
Does 16 divide 7490?
False
Is 240 a factor of 36240?
True
Does 21 divide 1533?
True
Is 33 a factor of 3663?
True
Does 12 divide 1560?
True
Is 107 a factor of 722?
False
Is 68 a factor of 70176?
True
Is 64 a multiple of 13?
False
Is 15 a factor of 2398?
False
Is 49 a factor of 1767?
False
Is 300 a multiple of 9?
False
Does 108 divide 7668?
True
Is 352 a multiple of 6?
False
Does 230 divide 4561?
False
Is 35420 a multiple of 92?
True
I